Does 23 divide 5/(-35) - 323/v?
True
Suppose -7*c = -2*c + 15. Let b = c - -5. Suppose -4*u + 5*i = 2*i - 116, -b*u + 58 = -4*i. Is 18 a factor of u?
False
Let r be (-627)/(-27) - 4/18. Let z = 0 + r. Does 7 divide z?
False
Suppose 0 = 3*y - 5*i - 60, 0 = -y + 4*y + i - 42. Let x = 28 - y. Does 3 divide x?
False
Let n(r) = -5*r**3 + r**2 + 7*r + 7. Is n(-4) a multiple of 45?
True
Let g = -66 + 98. Does 12 divide g?
False
Let w be (-1)/1 - (-43 - -1). Suppose -4 = -5*n + w. Is n a multiple of 9?
True
Let x be ((-12)/14)/(1/(-7)). Suppose f - x = 11. Is 7 a factor of f?
False
Is (31 + -1)/(10/20) a multiple of 30?
True
Suppose -5*q = -t - 405 + 41, 5*t + 20 = 0. Is q a multiple of 8?
True
Let i = -17 - -14. Is 5 a factor of 1/i + (-217)/(-21)?
True
Suppose -1 + 15 = -v. Let t(s) = 25*s**3 - s**2 + 3*s - 2. Let k be t(1). Let g = v + k. Is 11 a factor of g?
True
Let y(c) = c**3 + 5*c**2 + 6*c + 4. Suppose -12 = -k + 4*k. Let d be y(k). Let n = 17 + d. Does 13 divide n?
True
Suppose l = 3*g, 0 = 2*l - 5*g + g. Let b(t) = 1 + 0*t + 2*t**2 - t + l*t**2. Is 8 a factor of b(3)?
True
Suppose -3*d + 0*n = n + 25, -d - 15 = -n. Is 15/d - 321/(-6) a multiple of 13?
True
Let x(j) = 5*j**3 + 2*j**2 + 4*j + 7. Let n(z) = 4*z**3 + 3*z**2 + 4*z + 6. Let y(v) = 4*n(v) - 3*x(v). Is 8 a factor of y(-5)?
True
Let i = -21 - -61. Is 10 a factor of i?
True
Let i be 1599/9 - 1/(-3). Suppose 241 = -4*p - 5*v, 4*p + v + i = p. Let y = p + 90. Is 11 a factor of y?
False
Let a(q) = 3*q + 15. Is a(11) a multiple of 20?
False
Suppose 0 = -3*y + a - 30, 3*a + a - 10 = y. Is 9 a factor of 252/70*y/(-4)?
True
Let x = -15 - -21. Is 8 a factor of (x/(-5))/(3/(-40))?
True
Let d = 32 + -84. Suppose -5*g - 372 = 7*g. Let y = g - d. Is y a multiple of 6?
False
Does 10 divide (-81 + 0)*1/(-3)?
False
Let x be 4 + -1 + (2 - 3). Suppose l - 1 + x = 0. Does 17 divide (-1)/(l/17)*1?
True
Let y(t) = 4*t**3 - 4*t**2 + 4*t - 2. Let a be y(2). Let n = 41 - a. Is 5 a factor of n?
False
Let u be (5/(-2))/((-2)/4). Let v be 17/u - (-10)/(-25). Suppose -m - a + 13 = 0, v*m + 4*a = 3*a + 29. Is 8 a factor of m?
True
Let f = 138 + -42. Does 16 divide f?
True
Is 38 a factor of (-5)/(110/37 + -3)?
False
Let v = -3 - -12. Suppose -4*j + v = 33. Does 17 divide -80*(21/j - -3)?
False
Let p be -1*366*12/(-12). Suppose 36 = -5*r + p. Is r a multiple of 13?
False
Suppose 4*k - 2*g - 48 = 0, 4*k - 37 - 15 = g. Is 11 a factor of (-2)/k - 1544/(-28)?
True
Suppose -3*f = 2*p + f - 20, 2 = -p + f. Suppose -4*v + 173 = -235. Is 17 a factor of (p/(-6))/((-2)/v)?
True
Let i(j) be the second derivative of -j**5/20 + 7*j**4/12 + 7*j**3/6 + 5*j**2 - j. Let q be i(8). Suppose 0 = -q*d - 3*d + 65. Does 13 divide d?
True
Let a(r) = -r**2 - 17*r - 27. Is a(-9) a multiple of 15?
True
Let s = -14 - -4. Let k = s + 6. Is (-78)/k*(-4)/(-3) a multiple of 13?
True
Let z(d) = 2*d**3 - 5*d**2 - 2. Let x be z(4). Let q = -13 - -10. Is -2 - (5 + q - x) a multiple of 12?
False
Let s = 59 + 26. Does 17 divide s?
True
Suppose 0 = -3*d + 2*c + 22 + 54, 2*d - 4*c - 56 = 0. Is 6 a factor of d?
True
Let t = -14 - 11. Let c = t - -36. Is 7 a factor of c?
False
Let j be (90/(-2))/((-9)/12). Suppose -5*b + 4 = f - 2*f, -5*b - j = -5*f. Is 16 a factor of f?
True
Suppose 0 = 4*o - 4*g - 19 + 59, 16 = 4*g. Let j(m) be the second derivative of -m**5/20 - m**4/2 + 3*m**2/2 + 2*m. Does 3 divide j(o)?
True
Is 9/((-18)/4) + (-52)/(-1) a multiple of 5?
True
Let d = 21 + 8. Let k = d - 20. Is 4 a factor of k?
False
Let i = -82 + 119. Is 37 a factor of i?
True
Let m = 25 - 22. Let y(q) = q**3 + 6*q**2 + q + 1. Let j be y(-5). Let l = j + m. Is 16 a factor of l?
False
Let x(n) = n**3 - 6*n**2 - 11*n. Let q be x(8). Suppose 23 = c + 2*c + y, 2*y = -5*c + q. Is c a multiple of 3?
True
Is 13 a factor of (-2)/(-1)*15/2?
False
Let p = 19 - -3. Is p a multiple of 12?
False
Let s = 329 - 191. Does 18 divide s?
False
Let k be (0 - -3)*4/(-6). Let i(r) = -12*r - 3. Let v be i(k). Is 3 a factor of ((-1)/(-1))/(3/v)?
False
Let s(x) be the first derivative of 3 - 4*x - 5/2*x**2. Is 14 a factor of s(-7)?
False
Let a(t) = t**2 - t. Is 30 a factor of a(-5)?
True
Suppose z = -5*s - 13, -6*z + z = -3*s + 9. Let u(m) be the second derivative of 5*m**4/12 + m**2 - m. Does 12 divide u(s)?
False
Let b(r) = 10*r + 2. Let s be b(2). Let z = -11 + s. Does 11 divide z?
True
Suppose f = 2*f + 3, -3*f = -2*u - 23. Let l = 6 + u. Is (l/(-5))/((-2)/(-8)) a multiple of 8?
True
Let n(h) be the first derivative of -h**4/4 + 5*h**3/3 - 3*h**2/2 + 2*h + 3. Let u be n(4). Suppose 4*g = u + 6. Does 2 divide g?
False
Suppose 5*z + b - 169 = 0, -3*z = -z + b - 70. Suppose 5*u + k = 75, 3*u = k + 4 + z. Is u a multiple of 8?
False
Suppose -3 = -b + 4*v - 3*v, -2*b = v - 9. Suppose 133 = 5*q - 4*m, 0*m + 106 = b*q - 3*m. Does 25 divide q?
True
Suppose -2*y - 74 = 44. Let u = 117 + y. Is 18 a factor of u?
False
Suppose 6*t - n - 800 = t, 2*n = 2*t - 320. Is 16 a factor of t?
True
Let h(i) = -7*i + 1. Does 5 divide h(-2)?
True
Suppose 2*u = 7*u - 1475. Is 19 a factor of u?
False
Let k(o) be the second derivative of o**3/6 - 3*o**2/2 + o. Let r = 116 - 105. Is k(r) a multiple of 6?
False
Does 10 divide (-32)/(-8) - (2 - 46)?
False
Suppose -b - 18 = -4. Is (-37)/(-7) + 4/b a multiple of 2?
False
Let v = -293 + 603. Is 18 a factor of (v/(-25))/((-1)/5)?
False
Let i be ((-3)/6)/((-1)/(-2)). Does 13 divide i + 0 + 28 - 1?
True
Let f(v) = 2 + v**2 - 8 - 3 + 5*v + v. Let b be f(-7). Is (b/6)/(1/(-51)) a multiple of 7?
False
Let z(h) = 4*h**3 + 3*h**2 + 3*h - 3. Does 16 divide z(2)?
False
Let u(s) = s + 4 - 5*s - 3*s**2 + 3*s**2 + s**3 - 2*s**2. Let l be u(3). Does 16 divide 5*9 + l + -2?
False
Suppose 0 = 4*i + a - 21, -i + 3*a + 9 = 2*a. Let b be 7/3 + (-2)/i. Suppose 5*h = -b*y + 14 + 4, h + 6 = 2*y. Is y a multiple of 2?
True
Suppose -2*m = -j - 4, 3*j + 9*m - 43 = 4*m. Let b(g) = -4 + g - g + g**2 - j*g. Does 12 divide b(8)?
True
Let u(j) = -j**2 - 7*j + 5. Suppose 2*d + 29 = -5*i + 3*d, d + 1 = 0. Does 7 divide u(i)?
False
Let m(z) = 21*z + 6. Let w be m(5). Let y = w + -66. Suppose -9 = -2*n + y. Does 8 divide n?
False
Let v = 17 + -11. Suppose 5*c - v*i + 2*i - 144 = 0, -4*c + 132 = i. Is 14 a factor of c?
False
Let x be (-82)/(-5) - 2/5. Let s = -3 + x. Does 8 divide s?
False
Let u(p) = -7*p**3 - 2*p**2 - 7*p + 23. Let d(y) = 3*y**3 + y**2 + 3*y - 11. Let x(z) = -5*d(z) - 2*u(z). Is x(0) a multiple of 7?
False
Let r be 1*(-2 - -1)*-4. Is 9 a factor of r/(-3)*27/(-2)?
True
Let r(y) = -2*y + 0*y + 3*y + 68*y**2 - 42*y**2 + 1. Does 19 divide r(-1)?
False
Suppose -2 = 3*k - 4*k. Suppose 5*y - 677 = -2*t - k*t, 9 = 3*t. Suppose 0 = 5*w - 3*m - y, -5*m + 4*m = -3*w + 79. Is w a multiple of 11?
False
Let p(m) = 2*m**3 - 4*m**2 + 3*m - 1. Let h be p(2). Suppose -b - 2 = -4. Suppose h*u + 20 = -2*v + 96, b*v = -2*u + 34. Is u a multiple of 7?
True
Let s be (-12)/(-66) + (-372)/(-11). Suppose 0*r = r - s. Is r a multiple of 14?
False
Let o(p) be the third derivative of p**4/24 + 2*p**3/3 + p**2. Let a be o(-5). Let l = 4 + a. Is 2 a factor of l?
False
Let u = -8 + 118. Suppose -5*x + 0*x + u = 0. Is 11 a factor of x?
True
Suppose -2*i + 68 = 4. Does 9 divide i?
False
Suppose 5*h + 5*r = h + 24, h = -3*r + 13. Is h - (0 - 0) - -20 a multiple of 7?
True
Suppose -6*k = 1 - 7. Is (3 + k/3)*6 a multiple of 10?
True
Let c(d) = -2*d**3 + 28*d**2 + 8. Let k be c(14). Suppose -3*s - 18 = -p, -3*p + 34 = 2*p - s. Does 13 divide k/p*351/18?
True
Suppose 2*y + 118 = 4*x, 4*x - 115 + 12 = 5*y. Suppose 0 = -2*b - 3*g + x, 40 = 2*b - 0*b + 5*g. Does 5 divide b?
True
Suppose 3*i + 2*m = 409, -i + 4*m - 153 = -2*i. Does 19 divide i?
True
Let a(l) = l - 1. Let g be a(1). Let q(z) = z + 32. Is 8 a factor of q(g)?
True
Let v = 274 + -108. Is v a multiple of 22?
False
Let m(l) be the third derivative of -l**5/60 + 11*l**4/24 + 13*l**3/6 - 2*l**2. Let v be m(9). Suppose 5*c = -15, v + 6 = 5*q - 4*c. Is q even?
False
Let w(v) = v**3 + 6*v**2 + 3*v - 3. Is w(-4) a multiple of 5?
False
Suppose 2*f = i - 34, -f - 150 = 2*i - 6*i. Suppose -g = g - i. Is 19 a factor of g?
True
Let b(c) = c**2 - 12*c - 18. Is b(14) even?
True
Suppose -2*b + 37 = -121. Let f be 0 + (2 + 0 - 0). Suppose 2*h = 3*w + 29, -3*h - f*h + w = -b. Is h